 Calculate m(-214).
4
Let f(g) = -g**2 - 1154*g - 6855. Determine f(-6).
33
Let w(v) = 3*v**3 + 15*v**2 - 63*v - 265. Determine w(-6).
5
Let t(v) = 8*v**3 + 59*v**2 - 14*v + 227. What is t(-8)?
19
Let p(y) = 25*y**2 - 2270*y - 604. What is p(91)?
-149
Let c(f) = -98*f - 127. Calculate c(-10).
853
Let m(d) = -280*d + 4759. What is m(17)?
-1
Let k(q) = -2170716*q - 17365734. Give k(-8).
-6
Let y(k) = 32004*k + 512059. Calculate y(-16).
-5
Let z(y) = 892*y - 6053. Calculate z(7).
191
Let h(r) = 1197*r + 51656. Determine h(-43).
185
Let f(l) = -6*l**2 - 261*l + 1787. Give f(6).
5
Let y(x) = 8229*x + 238864. Give y(-29).
223
Let w(j) = -1796915*j + 7187672. What is w(4)?
12
Let s(l) = 306987*l - 13814406. Calculate s(45).
9
Let i(v) = -19*v**2 - 18*v + 128. Determine i(3).
-97
Let x(b) = b**2 - 1248*b - 503747. What is x(-321)?
-98
Let z(h) = h**3 - 316*h**2 + 5356*h + 2373. Calculate z(298).
-11
Let c(i) = -3*i**3 - 8*i**2 + 38*i + 9. What is c(-9)?
1206
Let r(w) = 13*w**2 + 5642*w + 157692. Give r(-30).
132
Let d(o) = -6*o**3 + 26*o**2 + 333*o + 717. Give d(-4).
185
Let b(j) = -j**2 - 567*j + 313. Determine b(0).
313
Let h(b) = -6234*b + 87235. Calculate h(14).
-41
Let j(b) = -2313*b + 112320. Calculate j(47).
3609
Let b(l) = -186*l - 6601. Give b(-39).
653
Let v(h) = 1938*h + 162836. Give v(-84).
44
Let u(j) = j**3 - 13*j**2 + 18*j - 9. Calculate u(10).
-129
Let a(l) = -l**2 + 14084*l + 5481476. Give a(-379).
-1
Let w(a) = -a**3 - 19*a**2 + 1056*a - 7621. What is w(10)?
39
Let i(f) = f**3 - 14*f**2 - 387*f + 6190. Give i(16).
510
Let x(d) = 37054*d - 407696. Give x(11).
-102
Let c(r) = -5*r**3 + 28*r**2 + 1219*r - 4879. Calculate c(4).
125
Let g(m) = 17746*m + 319436. Determine g(-18).
8
Let m(j) = 10*j**2 + 313*j + 3592. Give m(-12).
1276
Let n(w) = 226*w**2 - 4773*w + 96. What is n(21)?
-471
Let i(g) = -2171*g + 91846. Calculate i(42).
664
Let c(p) = -p**2 + 2526*p - 1580762. Calculate c(1143).
7
Let n(d) = -10275*d - 20507. Calculate n(-2).
43
Let r(m) = -224*m - 9151. Calculate r(-39).
-415
Let o(w) = 2*w**2 + 106*w - 8. Give o(-16).
-1192
Let v(x) = -x**3 - 111*x**2 - 1601*x - 554. What is v(-94)?
-272
Let k(o) = 2*o**3 + 134*o**2 - 870*o - 98. Calculate k(-73).
-536
Let p(s) = -2*s**2 + 231*s + 135148. Give p(324).
40
Let g(m) = 2*m**2 + 642625*m - 3855819. Calculate g(6).
3
Let m(w) = 8*w**2 + 495*w - 5043. What is m(-70)?
-493
Let f(u) = -3*u**3 + 21*u**2 + 18*u - 6. Calculate f(8).
-54
Let p(h) = -103*h**3 + 18*h**2 + 30*h - 40. Calculate p(-2).
796
Let i(g) = -2*g**3 + 328*g**2 - 2489*g - 990. What is i(156)?
102
Let u(p) = p**2 - 89*p - 130. What is u(93)?
242
Let t(d) = 993*d - 231. Determine t(2).
1755
Let h(z) = -5*z**2 + 85*z + 96. Calculate h(0).
96
Let z(h) = 6958*h + 77018. Calculate z(-11).
480
Let s(j) = j**2 - 30415*j + 850842. Calculate s(28).
6
Let f(b) = b**2 - 304*b + 301. Calculate f(1).
-2
Let l(w) = -1094*w + 710031. Determine l(649).
25
Let y(u) = -1829*u - 117081. Give y(-64).
-25
Let k(s) = -6161*s + 671520. What is k(109)?
-29
Let n(v) = 8*v**2 - 162*v - 916. Give n(-5).
94
Let l(s) = -15206*s + 75775. Determine l(5).
-255
Let s(z) = -z**2 - 3985*z - 266904. What is s(-68)?
-548
Let r(n) = -1781*n + 172297. Determine r(97).
-460
Let g(l) = l**2 - 401*l + 18313. What is g(57)?
-1295
Let o(i) = -3*i**3 - 8*i**2 + 234*i + 1463. Calculate o(-6).
419
Let q(m) = 125*m**2 - 593*m - 9. Determine q(5).
151
Let s(g) = -13*g**2 - 572*g + 3562. What is s(6)?
-338
Let f(v) = 128*v**3 + 896*v**2 - 179*v - 1250. Calculate f(-7).
3
Let b(z) = -11*z**3 - 285*z**2 + 22*z - 114. Calculate b(-26).
-10
Let a(r) = -6*r**2 - 557*r - 3073. Calculate a(-87).
-28
Let s(w) = 38893*w - 38895. Give s(1).
-2
Let h(l) = -5309*l - 259427. Calculate h(-49).
714
Let s(b) = -b**3 - 48*b**2 + 164*b + 548. Calculate s(-51).
-13
Let i(n) = n**3 - 33*n**2 - 79*n + 5037. Give i(30).
-33
Let b(m) = -8744*m - 1897481. What is b(-217)?
-33
Let p(c) = -11*c**3 + 166*c**2 + 1391*c - 13. What is p(-6)?
-7
Let a(h) = h**2 + 64*h - 235. Determine a(4).
37
Let o(s) = -2*s**2 + 1688*s + 201387. What is o(-106)?
-13
Let v(j) = 12273*j + 294552. What is v(-24)?
0
Let f(x) = -5084*x - 26911. Give f(-5).
-1491
Let z(p) = 2*p**3 - 11*p**2 + 89*p - 902. Calculate z(9).
466
Let q(w) = -w**2 + 190*w - 2466. What is q(178)?
-330
Let p(h) = -90115*h - 540686. Determine p(-6).
4
Let z(q) = -103*q + 25261. What is z(245)?
26
Let y(i) = -353*i - 78631. What is y(-231)?
2912
Let d(m) = -29*m**3 - 20*m**2 - 244*m + 6. Calculate d(0).
6
Let f(g) = -7256*g - 406331. Give f(-56).
5
Let s(c) = -c**2 - 4978*c - 44675. Calculate s(-9).
46
Let f(t) = -t**2 - 137*t - 2531. Give f(-23).
91
Let a(x) = -x**2 + 1382*x + 19628. Determine a(-14).
84
Let i(c) = -2656*c**2 - 18600*c - 66. What is i(-7)?
-10
Let f(u) = 3*u**2 - 54*u - 7822. Give f(61).
47
Let s(r) = -11639*r + 104777. Give s(9).
26
Let f(l) = -l**3 - 124*l**2 - 608*l + 11791. Calculate f(-118).
-9
Let z(n) = 36*n**2 - 38014*n + 1141849. Determine z(1025).
-1
Let d(b) = -b**2 + 14*b + 1102. Determine d(-27).
-5
Let h(x) = -88701*x - 2661043. What is h(-30)?
-13
Let q(u) = -188*u + 1229. What is q(12)?
-1027
Let c(x) = 9726*x - 12069971. Give c(1241).
-5
Let z(g) = -17*g**3 + 4657*g**2 + 261*g + 3569. Calculate z(274).
7
Let d(b) = -1433*b + 78806. What is d(55)?
-9
Let j(x) = -177*x - 124. Calculate j(-1).
53
Let i(j) = 17076*j + 392744. Give i(-23).
-4
Let z(t) = 2008*t - 221036. Calculate z(110).
-156
Let r(f) = f**3 + 86*f**2 + 1348*f - 1100. Determine r(-65).
5
Let l(p) = -4735*p + 624885. Calculate l(132).
-135
Let o(r) = 34155*r + 2834865. Give o(-83).
0
Let c(y) = 2*y**2 + 377*y - 1088. Calculate c(3).
61
Let s(t) = 5*t**2 + 17*t + 887. What is s(-11)?
1305
Let z(j) = 169*j**2 + 34870*j + 11542. Give z(-206).
6
Let z(q) = q**3 - 50*q**2 - 447*q + 6222. What is z(56)?
6
Let d(t) = -4*t**3 - 26*t**2 - 223*t - 52. Determine d(-8).
2116
Let i(a) = 9*a**2 - 590*a + 8658. What is i(43)?
-71
Let z(v) = v**3 + 112*v**2 - 973*v - 131199. Give z(-110).
31
Let h(l) = 6*l + 1840. What is h(-274)?
196
Let b(i) = -5*i**2 - 7266*i - 575088. What is b(-84)?
-24
Let x(i) = -5420*i - 596210. What is x(-110)?
-10
Let g(o) = -354*o**2 - 48*o + 6. Give g(0).
6
Let z(c) = 37341*c - 28827247. What is z(772)?
5
Let f(c) = 16*c**3 + 45*c**2 + 46*c + 121. Determine f(-3).
-44
Let c(f) = -9*f**3 + 15*f**2 - 100*f + 723. Give c(6).
-1281
Let f(v) = 9*v**3 + 56*v**2 + 7*v - 61. Give f(-6).
-31
Let w(q) = -q**3 - 4*q**2 + 397*q + 21. What is w(18)?
39
Let m(a) = 2*a**3 - a**2 + 62*a - 266. What is m(6)?
502
Let r(c) = 27629*c - 12902746. Calculate r(467).
-3
Let q(r) = -9*r**3 - 515*r**2 - 117*r - 146. What is q(-57)?
25
Let g(c) = -382*c**2 + 26*c - 15. What is g(1)?
-371
Let v(o) = o**3 - 40*o**2 + 10*o + 5774. What is v(35)?
-1
Let n(h) = 1425*h - 8523. Calculate n(7).
1452
Let v(j) = -58*j**2 + 279*j + 30. Determine v(5).
-25
Let w(h) = -20*h + 2168. What is w(88)?
408
Let l(n) = -5*n**3 - 37*n**2 - 546*n - 3731. Give l(-7).
-7
Let v(f) = 8019*f - 200449. Calculate v(25).
26
Let j(b) = b**3 + 213*b**2 + 1038*b - 138. Determine j(-208).
278
Let t(f) = 8*f**2 - 359*f - 1777. Give t(43).
-2422
Let n(x) = 2*x**2 + 2237*x + 492648. Give n(-817).
-3
Let x(y) = -y**3 + 371*y**2 + 803*y - 21139. Calculate x(373).
122
Let k(z) = -3238*z + 122222. Give k(38).
-822
Let x(k) = -481*k**2 + 1151*k - 27. What is x(3)?
-903
Let o(a) = a**2 - 292*a + 13514. Calculate o(44).
2602
Let a(v) = 924*v + 48139. Give a(-52).
91
Let d(a) = a**3 + 2*a**2 - 357*a + 1898. Calculate d(14).
36
Let f(b) = b**2 + 25488*b - 2867195. What is f(112)?
5
Let a(v) = -v**3 - 19*v**2 + 352*v + 6512. What is a(-17)?
-50
Let k(o) = 10*o**2 - 479*o + 4565. Determine k(8).
1373
Let b(c) = 6387*c - 89509. Calculate b(14).
-91
Let j(a) = -8*a**2 - 2133*a - 1313. Calculate j(-266).
17
Let i(w) = 26*w**2 + 2082*w - 877. Determine i(-81).
1067
Let v(r) = -2014*r + 340448. What is v(169)?
82
Let i(t) = 2*t**2 + 609*t - 3661. Give i(6).
65
Let z(n) = -13*n**2 - 65*n - 115. Give z(-10).
-765
Let i(q) = q**2 - 1509*q + 7508. Calculate i(5).
-12
Let g(f) = -f**3 + 19*f**2 + 5806*f - 3776. Calculate g(86).
8
Let k(u) = 34*u**2 + 1848*u - 9239. Determine k(5).
851
Let x(d) = -d**2 - 325*d + 14955. 